{"id":2,"date":"2025-09-08T16:47:33","date_gmt":"2025-09-08T16:47:33","guid":{"rendered":"https:\/\/sophiatown.com.br\/blog2\/?page_id=2"},"modified":"2025-11-14T20:27:17","modified_gmt":"2025-11-14T20:27:17","slug":"passeiosp","status":"publish","type":"page","link":"https:\/\/sophiatown.com.br\/blog\/passeiosp\/","title":{"rendered":"Passeios SP"},"content":{"rendered":"\t\t<div data-elementor-type=\"wp-page\" data-elementor-id=\"2\" class=\"elementor elementor-2\" data-elementor-post-type=\"page\">\n\t\t\t\t<div class=\"elementor-element elementor-element-89ccb25 e-flex e-con-boxed e-con e-parent\" data-id=\"89ccb25\" data-element_type=\"container\" data-e-type=\"container\">\n\t\t\t\t\t<div class=\"e-con-inner\">\n\t\t<div class=\"elementor-element elementor-element-8333f55 e-con-full e-flex e-con e-child\" data-id=\"8333f55\" data-element_type=\"container\" data-e-type=\"container\">\n\t\t\t\t<div class=\"elementor-element elementor-element-6db2d2c elementor-widget elementor-widget-heading\" data-id=\"6db2d2c\" data-element_type=\"widget\" data-e-type=\"widget\" data-widget_type=\"heading.default\">\n\t\t\t\t\t<h1 class=\"elementor-heading-title elementor-size-default\">PASSEIOS EM S\u00c3O PAULO<\/h1>\t\t\t\t<\/div>\n\t\t\t\t<div class=\"elementor-element elementor-element-4973819 elementor-grid-2 elementor-grid-tablet-2 elementor-grid-mobile-1 elementor-posts--thumbnail-top elementor-widget elementor-widget-posts\" data-id=\"4973819\" data-element_type=\"widget\" data-e-type=\"widget\" data-settings=\"{&quot;classic_columns&quot;:&quot;2&quot;,&quot;classic_columns_tablet&quot;:&quot;2&quot;,&quot;classic_columns_mobile&quot;:&quot;1&quot;,&quot;classic_row_gap&quot;:{&quot;unit&quot;:&quot;px&quot;,&quot;size&quot;:35,&quot;sizes&quot;:[]},&quot;classic_row_gap_tablet&quot;:{&quot;unit&quot;:&quot;px&quot;,&quot;size&quot;:&quot;&quot;,&quot;sizes&quot;:[]},&quot;classic_row_gap_mobile&quot;:{&quot;unit&quot;:&quot;px&quot;,&quot;size&quot;:&quot;&quot;,&quot;sizes&quot;:[]}}\" data-widget_type=\"posts.classic\">\n\t\t\t\t<div class=\"elementor-widget-container\">\n\t\t\t\t\t\t\t<div class=\"elementor-posts-container elementor-posts elementor-posts--skin-classic elementor-grid\" role=\"list\">\n\t\t\t\t<article class=\"elementor-post elementor-grid-item post-471 post type-post status-publish format-standard has-post-thumbnail hentry category-museus category-passeios-em-sao-paulo tag-arte-brasileira tag-cultura-paulistana tag-historia-da-pinacoteca tag-museus-de-sao-paulo tag-obras-de-arte-brasileiras tag-pinacoteca-de-sao-paulo tag-turismo-cultural\" role=\"listitem\">\n\t\t\t\t<a class=\"elementor-post__thumbnail__link\" href=\"https:\/\/sophiatown.com.br\/blog\/pinacoteca-de-sao-paulo-curiosidades-e-obras\/\" tabindex=\"-1\" >\n\t\t\t<div class=\"elementor-post__thumbnail\"><img fetchpriority=\"high\" decoding=\"async\" width=\"300\" height=\"300\" src=\"https:\/\/sophiatown.com.br\/blog\/wp-content\/uploads\/2025\/11\/Pinacoteca-em-Sao-Paulo--300x300.webp\" class=\"attachment-medium size-medium wp-image-479\" alt=\"Pinacoteca em S\u00e3o Paulo\" srcset=\"https:\/\/sophiatown.com.br\/blog\/wp-content\/uploads\/2025\/11\/Pinacoteca-em-Sao-Paulo--300x300.webp 300w, https:\/\/sophiatown.com.br\/blog\/wp-content\/uploads\/2025\/11\/Pinacoteca-em-Sao-Paulo--150x150.webp 150w, https:\/\/sophiatown.com.br\/blog\/wp-content\/uploads\/2025\/11\/Pinacoteca-em-Sao-Paulo--768x768.webp 768w, https:\/\/sophiatown.com.br\/blog\/wp-content\/uploads\/2025\/11\/Pinacoteca-em-Sao-Paulo-.webp 1024w\" sizes=\"(max-width: 300px) 100vw, 300px\" \/><\/div>\n\t\t<\/a>\n\t\t\t\t<div class=\"elementor-post__text\">\n\t\t\t\t<h3 class=\"elementor-post__title\">\n\t\t\t<a href=\"https:\/\/sophiatown.com.br\/blog\/pinacoteca-de-sao-paulo-curiosidades-e-obras\/\" >\n\t\t\t\tPinacoteca de S\u00e3o Paulo: hist\u00f3ria, curiosidades e obras imperd\u00edveis do museu de arte mais antigo da cidade\t\t\t<\/a>\n\t\t<\/h3>\n\t\t\t\t<div class=\"elementor-post__excerpt\">\n\t\t\t<p>A Pinacoteca de S\u00e3o Paulo \u00e9 o museu de arte mais antigo da cidade e um dos mais importantes do Brasil. Fundada em 1905, re\u00fane obras de grandes artistas, como Tarsila do Amaral e Portinari, em um pr\u00e9dio hist\u00f3rico que \u00e9 uma verdadeira obra de arte. Visitar a Pinacoteca \u00e9 mergulhar na hist\u00f3ria e na cultura brasileira por meio de cores, formas e emo\u00e7\u00f5es \u2014 uma experi\u00eancia imperd\u00edvel para quem ama arte e quer conhecer o cora\u00e7\u00e3o cultural de S\u00e3o Paulo.<\/p>\n\t\t<\/div>\n\t\t\t\t\t<div class=\"elementor-post__read-more-wrapper\">\n\t\t\n\t\t<a class=\"elementor-post__read-more\" href=\"https:\/\/sophiatown.com.br\/blog\/pinacoteca-de-sao-paulo-curiosidades-e-obras\/\" aria-label=\"Leia mais sobre Pinacoteca de S\u00e3o Paulo: hist\u00f3ria, curiosidades e obras imperd\u00edveis do museu de arte mais antigo da cidade\" tabindex=\"-1\" >\n\t\t\tLeia mais \u00bb\t\t<\/a>\n\n\t\t\t\t\t<\/div>\n\t\t\t\t<\/div>\n\t\t\t\t<\/article>\n\t\t\t\t<article class=\"elementor-post elementor-grid-item post-333 post type-post status-publish format-standard has-post-thumbnail hentry category-passeios-em-sao-paulo tag-budismo-no-brasil tag-cultura-oriental tag-espiritualidade-em-sp tag-lugares-de-paz-em-sao-paulo tag-templo-kadampa tag-templo-kinkaku-ji tag-templo-odsal-ling tag-templo-quan-inn tag-templo-zu-lai tag-templos-em-cotia tag-turismo-cultural tag-viagens-e-espiritualidade\" role=\"listitem\">\n\t\t\t\t<a class=\"elementor-post__thumbnail__link\" href=\"https:\/\/sophiatown.com.br\/blog\/descubra-6-tempos-budistas-perto-de-sao-paulo\/\" tabindex=\"-1\" >\n\t\t\t<div class=\"elementor-post__thumbnail\"><img decoding=\"async\" width=\"300\" height=\"225\" src=\"https:\/\/sophiatown.com.br\/blog\/wp-content\/uploads\/2025\/10\/Templo-Zu-lai--300x225.webp\" class=\"attachment-medium size-medium wp-image-363\" alt=\"Templo Zu lai\" srcset=\"https:\/\/sophiatown.com.br\/blog\/wp-content\/uploads\/2025\/10\/Templo-Zu-lai--300x225.webp 300w, https:\/\/sophiatown.com.br\/blog\/wp-content\/uploads\/2025\/10\/Templo-Zu-lai-.webp 600w\" sizes=\"(max-width: 300px) 100vw, 300px\" \/><\/div>\n\t\t<\/a>\n\t\t\t\t<div class=\"elementor-post__text\">\n\t\t\t\t<h3 class=\"elementor-post__title\">\n\t\t\t<a href=\"https:\/\/sophiatown.com.br\/blog\/descubra-6-tempos-budistas-perto-de-sao-paulo\/\" >\n\t\t\t\tDescubra 6 tempos budistas perto de S\u00e3o Paulo\t\t\t<\/a>\n\t\t<\/h3>\n\t\t\t\t<div class=\"elementor-post__excerpt\">\n\t\t\t<p>Em S\u00e3o Paulo e regi\u00e3o, h\u00e1 templos budistas que s\u00e3o verdadeiros ref\u00fagios de paz e beleza. O Templo Kinkaku-ji, em Itapecerica da Serra, encanta com seus jardins e arquitetura inspirada em Kyoto. Em Parelheiros, o Templo Quan Inn oferece serenidade e celebra o Ano Novo Chin\u00eas. J\u00e1 em Cotia, o famoso Templo Zu Lai e o Odsal Ling combinam cultura, medita\u00e7\u00e3o e natureza. Em Cabre\u00fava, o Templo Kadampa \u00e9 ideal para retiros espirituais. Cada templo \u00e9 um convite \u00e0 reflex\u00e3o e \u00e0 conex\u00e3o com a espiritualidade oriental, proporcionando momentos de tranquilidade e aprendizado.<\/p>\n\t\t<\/div>\n\t\t\t\t\t<div class=\"elementor-post__read-more-wrapper\">\n\t\t\n\t\t<a class=\"elementor-post__read-more\" href=\"https:\/\/sophiatown.com.br\/blog\/descubra-6-tempos-budistas-perto-de-sao-paulo\/\" aria-label=\"Leia mais sobre Descubra 6 tempos budistas perto de S\u00e3o Paulo\" tabindex=\"-1\" >\n\t\t\tLeia mais \u00bb\t\t<\/a>\n\n\t\t\t\t\t<\/div>\n\t\t\t\t<\/div>\n\t\t\t\t<\/article>\n\t\t\t\t<article class=\"elementor-post elementor-grid-item post-224 post type-post status-publish format-standard has-post-thumbnail hentry category-passeios-em-sao-paulo\" role=\"listitem\">\n\t\t\t\t<a class=\"elementor-post__thumbnail__link\" href=\"https:\/\/sophiatown.com.br\/blog\/como-a-pinacoteca-de-sao-paulo-esta-organizada\/\" tabindex=\"-1\" >\n\t\t\t<div class=\"elementor-post__thumbnail\"><img decoding=\"async\" width=\"300\" height=\"300\" src=\"https:\/\/sophiatown.com.br\/blog\/wp-content\/uploads\/2025\/09\/Pinacoteca-300x300.webp\" class=\"attachment-medium size-medium wp-image-258\" alt=\"Pinacoteca\" srcset=\"https:\/\/sophiatown.com.br\/blog\/wp-content\/uploads\/2025\/09\/Pinacoteca-300x300.webp 300w, https:\/\/sophiatown.com.br\/blog\/wp-content\/uploads\/2025\/09\/Pinacoteca-150x150.webp 150w, https:\/\/sophiatown.com.br\/blog\/wp-content\/uploads\/2025\/09\/Pinacoteca-768x768.webp 768w, https:\/\/sophiatown.com.br\/blog\/wp-content\/uploads\/2025\/09\/Pinacoteca.webp 1024w\" sizes=\"(max-width: 300px) 100vw, 300px\" \/><\/div>\n\t\t<\/a>\n\t\t\t\t<div class=\"elementor-post__text\">\n\t\t\t\t<h3 class=\"elementor-post__title\">\n\t\t\t<a href=\"https:\/\/sophiatown.com.br\/blog\/como-a-pinacoteca-de-sao-paulo-esta-organizada\/\" >\n\t\t\t\tComo a Pinacoteca de S\u00e3o Paulo est\u00e1 organizada: um guia f\u00e1cil para explorar o museu\t\t\t<\/a>\n\t\t<\/h3>\n\t\t\t\t<div class=\"elementor-post__excerpt\">\n\t\t\t<p>Como a Pinacoteca de S\u00e3o Paulo est\u00e1 organizada: um guia f\u00e1cil para explorar o acervo O que voc\u00ea vai ler neste artigo&#8230; Se voc\u00ea pensa<\/p>\n\t\t<\/div>\n\t\t\t\t\t<div class=\"elementor-post__read-more-wrapper\">\n\t\t\n\t\t<a class=\"elementor-post__read-more\" href=\"https:\/\/sophiatown.com.br\/blog\/como-a-pinacoteca-de-sao-paulo-esta-organizada\/\" aria-label=\"Leia mais sobre Como a Pinacoteca de S\u00e3o Paulo est\u00e1 organizada: um guia f\u00e1cil para explorar o museu\" tabindex=\"-1\" >\n\t\t\tLeia mais \u00bb\t\t<\/a>\n\n\t\t\t\t\t<\/div>\n\t\t\t\t<\/div>\n\t\t\t\t<\/article>\n\t\t\t\t<article class=\"elementor-post elementor-grid-item post-92 post type-post status-publish format-standard has-post-thumbnail hentry category-passeios-em-sao-paulo tag-bairro-da-liberdade tag-comida-tipica-japonesa-sp tag-cultura-japonesa tag-experiencia-japonesa-em-sao-paulo tag-feirinha-da-liberdade tag-gastronomia-japonesa tag-japao-na-liberdade tag-lamen-na-liberdade tag-mercados-japoneses-sp tag-museu-da-imigracao-japonesa tag-passeio-na-liberdade tag-restaurantes-japoneses-sp tag-roteiro-liberdade-sp tag-templo-busshinji tag-turismo-em-sao-paulo\" role=\"listitem\">\n\t\t\t\t<a class=\"elementor-post__thumbnail__link\" href=\"https:\/\/sophiatown.com.br\/blog\/japao-na-liberdade-5-lugares-raiz-para-conhecer-em-sao-paulo\/\" tabindex=\"-1\" >\n\t\t\t<div class=\"elementor-post__thumbnail\"><img loading=\"lazy\" decoding=\"async\" width=\"300\" height=\"225\" src=\"https:\/\/sophiatown.com.br\/blog\/wp-content\/uploads\/2025\/09\/Museu-da-Imigracao-japonesa-Bunkyo-300x225.webp\" class=\"attachment-medium size-medium wp-image-128\" alt=\"Museu da Imigra\u00e7\u00e3o japonesa Bunkyo\" srcset=\"https:\/\/sophiatown.com.br\/blog\/wp-content\/uploads\/2025\/09\/Museu-da-Imigracao-japonesa-Bunkyo-300x225.webp 300w, https:\/\/sophiatown.com.br\/blog\/wp-content\/uploads\/2025\/09\/Museu-da-Imigracao-japonesa-Bunkyo-1024x768.webp 1024w, https:\/\/sophiatown.com.br\/blog\/wp-content\/uploads\/2025\/09\/Museu-da-Imigracao-japonesa-Bunkyo-768x576.webp 768w, https:\/\/sophiatown.com.br\/blog\/wp-content\/uploads\/2025\/09\/Museu-da-Imigracao-japonesa-Bunkyo-1536x1152.webp 1536w, https:\/\/sophiatown.com.br\/blog\/wp-content\/uploads\/2025\/09\/Museu-da-Imigracao-japonesa-Bunkyo-2048x1536.webp 2048w\" sizes=\"(max-width: 300px) 100vw, 300px\" \/><\/div>\n\t\t<\/a>\n\t\t\t\t<div class=\"elementor-post__text\">\n\t\t\t\t<h3 class=\"elementor-post__title\">\n\t\t\t<a href=\"https:\/\/sophiatown.com.br\/blog\/japao-na-liberdade-5-lugares-raiz-para-conhecer-em-sao-paulo\/\" >\n\t\t\t\tJap\u00e3o na Liberdade: 5 lugares raiz para conhecer em S\u00e3o Paulo\t\t\t<\/a>\n\t\t<\/h3>\n\t\t\t\t<div class=\"elementor-post__excerpt\">\n\t\t\t<p>Explorar o Jap\u00e3o na Liberdade \u00e9 viver uma imers\u00e3o cultural \u00fanica em S\u00e3o Paulo. Esses lugares s\u00e3o perfeitos para quem quer conhecer a ess\u00eancia japonesa sem sair do Brasil.<\/p>\n\t\t<\/div>\n\t\t\t\t\t<div class=\"elementor-post__read-more-wrapper\">\n\t\t\n\t\t<a class=\"elementor-post__read-more\" href=\"https:\/\/sophiatown.com.br\/blog\/japao-na-liberdade-5-lugares-raiz-para-conhecer-em-sao-paulo\/\" aria-label=\"Leia mais sobre Jap\u00e3o na Liberdade: 5 lugares raiz para conhecer em S\u00e3o Paulo\" tabindex=\"-1\" >\n\t\t\tLeia mais \u00bb\t\t<\/a>\n\n\t\t\t\t\t<\/div>\n\t\t\t\t<\/div>\n\t\t\t\t<\/article>\n\t\t\t\t<\/div>\n\t\t\n\t\t\t\t\t\t<\/div>\n\t\t\t\t<\/div>\n\t\t\t\t<\/div>\n\t\t<div class=\"elementor-element elementor-element-d72c1a0 e-con-full e-flex e-con e-child\" data-id=\"d72c1a0\" data-element_type=\"container\" data-e-type=\"container\">\n\t\t<div class=\"elementor-element elementor-element-cde4f74 e-con-full e-flex e-con e-child\" data-id=\"cde4f74\" data-element_type=\"container\" data-e-type=\"container\">\n\t\t<div class=\"elementor-element elementor-element-d209e19 e-con-full e-flex e-con e-child\" data-id=\"d209e19\" data-element_type=\"container\" data-e-type=\"container\">\n\t\t<div class=\"elementor-element elementor-element-bdbd9d4 e-con-full e-flex e-con e-child\" data-id=\"bdbd9d4\" data-element_type=\"container\" data-e-type=\"container\">\n\t\t\t\t<div class=\"elementor-element elementor-element-c87b754 elementor-widget elementor-widget-heading\" data-id=\"c87b754\" data-element_type=\"widget\" data-e-type=\"widget\" data-widget_type=\"heading.default\">\n\t\t\t\t\t<h3 class=\"elementor-heading-title elementor-size-default\">Quem somos<\/h3>\t\t\t\t<\/div>\n\t\t\t\t<\/div>\n\t\t\t\t<div class=\"elementor-element elementor-element-18b6b0d elementor-author-box--layout-image-above elementor-author-box--align-center elementor-widget elementor-widget-author-box\" data-id=\"18b6b0d\" data-element_type=\"widget\" data-e-type=\"widget\" data-widget_type=\"author-box.default\">\n\t\t\t\t\t\t\t<div class=\"elementor-author-box\">\n\t\t\t\t\t\t\t<div  class=\"elementor-author-box__avatar\">\n\t\t\t\t\t<img decoding=\"async\" src=\"https:\/\/sophiatown.com.br\/blog\/wp-content\/uploads\/2025\/09\/20250313_1043042-scaled-1-169x300.webp\" alt=\"Foto de Eanne Leite\" loading=\"lazy\">\n\t\t\t\t<\/div>\n\t\t\t\n\t\t\t<div class=\"elementor-author-box__text\">\n\t\t\t\t\t\t\t\t\t<div >\n\t\t\t\t\t\t<h4 class=\"elementor-author-box__name\">\n\t\t\t\t\t\t\tEanne Leite\t\t\t\t\t\t<\/h4>\n\t\t\t\t\t<\/div>\n\t\t\t\t\n\t\t\t\t\t\t\t\t\t<div class=\"elementor-author-box__bio\">\n\t\t\t\t\t\t<p>Sophiatown.com \u00e9 um guia online de S\u00e3o Paulo. Escrito por Eanne Leite, guia de turismo, pesquisadora e moradora de S\u00e3o Paulo.<\/p>\n\t\t\t\t\t<\/div>\n\t\t\t\t\n\t\t\t\t\t\t\t<\/div>\n\t\t<\/div>\n\t\t\t\t\t\t<\/div>\n\t\t\t\t<\/div>\n\t\t\t\t<\/div>\n\t\t\t\t<\/div>\n\t\t\t\t\t<\/div>\n\t\t\t\t<\/div>\n\t\t\t\t<\/div>\n\t\t","protected":false},"excerpt":{"rendered":"<p>PASSEIOS EM S\u00c3O PAULO Quem somos<\/p>\n","protected":false},"author":1,"featured_media":0,"parent":0,"menu_order":0,"comment_status":"closed","ping_status":"closed","template":"elementor_header_footer","meta":{"footnotes":""},"class_list":["post-2","page","type-page","status-publish","hentry"],"yoast_head":"<!-- This site is optimized with the Yoast SEO plugin v27.4 - https:\/\/yoast.com\/product\/yoast-seo-wordpress\/ -->\n<title>Passeios SP - Sophiatown<\/title>\n<meta name=\"robots\" content=\"index, follow, max-snippet:-1, max-image-preview:large, max-video-preview:-1\" \/>\n<link rel=\"canonical\" href=\"https:\/\/sophiatown.com.br\/blog\/passeiosp\/\" \/>\n<meta property=\"og:locale\" content=\"pt_BR\" \/>\n<meta property=\"og:type\" content=\"article\" \/>\n<meta property=\"og:title\" content=\"Passeios SP - Sophiatown\" \/>\n<meta property=\"og:description\" content=\"PASSEIOS EM S\u00c3O PAULO Quem somos\" \/>\n<meta property=\"og:url\" content=\"https:\/\/sophiatown.com.br\/blog\/passeiosp\/\" \/>\n<meta property=\"og:site_name\" content=\"Sophiatown\" \/>\n<meta property=\"article:modified_time\" content=\"2025-11-14T20:27:17+00:00\" \/>\n<meta name=\"twitter:card\" content=\"summary_large_image\" \/>\n<meta name=\"twitter:label1\" content=\"Est. tempo de leitura\" \/>\n\t<meta name=\"twitter:data1\" content=\"3 minutos\" \/>\n<script type=\"application\/ld+json\" class=\"yoast-schema-graph\">{\"@context\":\"https:\\\/\\\/schema.org\",\"@graph\":[{\"@type\":\"WebPage\",\"@id\":\"https:\\\/\\\/sophiatown.com.br\\\/blog\\\/passeiosp\\\/\",\"url\":\"https:\\\/\\\/sophiatown.com.br\\\/blog\\\/passeiosp\\\/\",\"name\":\"Passeios SP - Sophiatown\",\"isPartOf\":{\"@id\":\"https:\\\/\\\/sophiatown.com.br\\\/blog\\\/#website\"},\"datePublished\":\"2025-09-08T16:47:33+00:00\",\"dateModified\":\"2025-11-14T20:27:17+00:00\",\"breadcrumb\":{\"@id\":\"https:\\\/\\\/sophiatown.com.br\\\/blog\\\/passeiosp\\\/#breadcrumb\"},\"inLanguage\":\"pt-BR\",\"potentialAction\":[{\"@type\":\"ReadAction\",\"target\":[\"https:\\\/\\\/sophiatown.com.br\\\/blog\\\/passeiosp\\\/\"]}]},{\"@type\":\"BreadcrumbList\",\"@id\":\"https:\\\/\\\/sophiatown.com.br\\\/blog\\\/passeiosp\\\/#breadcrumb\",\"itemListElement\":[{\"@type\":\"ListItem\",\"position\":1,\"name\":\"In\u00edcio\",\"item\":\"https:\\\/\\\/sophiatown.com.br\\\/blog\\\/\"},{\"@type\":\"ListItem\",\"position\":2,\"name\":\"Passeios SP\"}]},{\"@type\":\"WebSite\",\"@id\":\"https:\\\/\\\/sophiatown.com.br\\\/blog\\\/#website\",\"url\":\"https:\\\/\\\/sophiatown.com.br\\\/blog\\\/\",\"name\":\"Sophiatown\",\"description\":\"Guia de S&atilde;o Paulo\",\"potentialAction\":[{\"@type\":\"SearchAction\",\"target\":{\"@type\":\"EntryPoint\",\"urlTemplate\":\"https:\\\/\\\/sophiatown.com.br\\\/blog\\\/?s={search_term_string}\"},\"query-input\":{\"@type\":\"PropertyValueSpecification\",\"valueRequired\":true,\"valueName\":\"search_term_string\"}}],\"inLanguage\":\"pt-BR\"}]}<\/script>\n<!-- \/ Yoast SEO plugin. -->","yoast_head_json":{"title":"Passeios SP - Sophiatown","robots":{"index":"index","follow":"follow","max-snippet":"max-snippet:-1","max-image-preview":"max-image-preview:large","max-video-preview":"max-video-preview:-1"},"canonical":"https:\/\/sophiatown.com.br\/blog\/passeiosp\/","og_locale":"pt_BR","og_type":"article","og_title":"Passeios SP - Sophiatown","og_description":"PASSEIOS EM S\u00c3O PAULO Quem somos","og_url":"https:\/\/sophiatown.com.br\/blog\/passeiosp\/","og_site_name":"Sophiatown","article_modified_time":"2025-11-14T20:27:17+00:00","twitter_card":"summary_large_image","twitter_misc":{"Est. tempo de leitura":"3 minutos"},"schema":{"@context":"https:\/\/schema.org","@graph":[{"@type":"WebPage","@id":"https:\/\/sophiatown.com.br\/blog\/passeiosp\/","url":"https:\/\/sophiatown.com.br\/blog\/passeiosp\/","name":"Passeios SP - Sophiatown","isPartOf":{"@id":"https:\/\/sophiatown.com.br\/blog\/#website"},"datePublished":"2025-09-08T16:47:33+00:00","dateModified":"2025-11-14T20:27:17+00:00","breadcrumb":{"@id":"https:\/\/sophiatown.com.br\/blog\/passeiosp\/#breadcrumb"},"inLanguage":"pt-BR","potentialAction":[{"@type":"ReadAction","target":["https:\/\/sophiatown.com.br\/blog\/passeiosp\/"]}]},{"@type":"BreadcrumbList","@id":"https:\/\/sophiatown.com.br\/blog\/passeiosp\/#breadcrumb","itemListElement":[{"@type":"ListItem","position":1,"name":"In\u00edcio","item":"https:\/\/sophiatown.com.br\/blog\/"},{"@type":"ListItem","position":2,"name":"Passeios SP"}]},{"@type":"WebSite","@id":"https:\/\/sophiatown.com.br\/blog\/#website","url":"https:\/\/sophiatown.com.br\/blog\/","name":"Sophiatown","description":"Guia de S&atilde;o Paulo","potentialAction":[{"@type":"SearchAction","target":{"@type":"EntryPoint","urlTemplate":"https:\/\/sophiatown.com.br\/blog\/?s={search_term_string}"},"query-input":{"@type":"PropertyValueSpecification","valueRequired":true,"valueName":"search_term_string"}}],"inLanguage":"pt-BR"}]}},"_links":{"self":[{"href":"https:\/\/sophiatown.com.br\/blog\/wp-json\/wp\/v2\/pages\/2","targetHints":{"allow":["GET"]}}],"collection":[{"href":"https:\/\/sophiatown.com.br\/blog\/wp-json\/wp\/v2\/pages"}],"about":[{"href":"https:\/\/sophiatown.com.br\/blog\/wp-json\/wp\/v2\/types\/page"}],"author":[{"embeddable":true,"href":"https:\/\/sophiatown.com.br\/blog\/wp-json\/wp\/v2\/users\/1"}],"replies":[{"embeddable":true,"href":"https:\/\/sophiatown.com.br\/blog\/wp-json\/wp\/v2\/comments?post=2"}],"version-history":[{"count":5,"href":"https:\/\/sophiatown.com.br\/blog\/wp-json\/wp\/v2\/pages\/2\/revisions"}],"predecessor-version":[{"id":532,"href":"https:\/\/sophiatown.com.br\/blog\/wp-json\/wp\/v2\/pages\/2\/revisions\/532"}],"wp:attachment":[{"href":"https:\/\/sophiatown.com.br\/blog\/wp-json\/wp\/v2\/media?parent=2"}],"curies":[{"name":"wp","href":"https:\/\/api.w.org\/{rel}","templated":true}]}}